{"id":1212,"date":"2020-08-26T10:28:03","date_gmt":"2020-08-26T08:28:03","guid":{"rendered":"https:\/\/mokrzyszow.pl\/?page_id=1212"},"modified":"2020-08-27T10:48:35","modified_gmt":"2020-08-27T08:48:35","slug":"home","status":"publish","type":"page","link":"https:\/\/mokrzyszow.pl\/","title":{"rendered":"Home"},"content":{"rendered":"\n<p><center><b><span>Parafia Chrystusa Dobrego Pasterza w Tarnobrzegu<\/span><\/b><\/center><\/p>\n<p style=\"text-align: justify;\"><img decoding=\"async\" loading=\"lazy\" src=\"https:\/\/mokrzyszow.pl\/wp-content\/uploads\/2020\/04\/20200401_174604-1.jpg\" width=\"30%\" height=\"30%\" class=\"alignleft\" \/>Parafia pw.\u00a0Chrystusa Dobrego Pasterza zlokalizowana jest na\u00a0os.\u00a0Mokrzysz\u00f3w. Do\u00a01976 r. dzielnica ta by\u0142a osobn\u0105 wsi\u0105, si\u0119gaj\u0105c\u0105 swymi pocz\u0105tkami co najmniej XV w. Przynale\u017ca\u0142a ona w\u00f3wczas do\u00a0parafii Miechocin, a\u00a0od\u00a01922 r. do\u00a0parafii Tarnobrzeg, prowadzonej przez\u00a0dominikan\u00f3w. Samodzielna parafia Tarnobrzeg \u2013 Mokrzysz\u00f3w erygowana zosta\u0142a 1 pa\u017adziernika 1972 r. Po\u00a0utworzeniu plac\u00f3wki duszpasterskiej wierni korzystali z\u00a0kaplicy w\u00a0Domu Opieki Spo\u0142ecznej, prowadzonym przez\u00a0Siostry S\u0142u\u017cebniczki Starowiejskie. Ko\u015bci\u00f3\u0142 parafialny pw.\u00a0Chrystusa Dobrego Pasterza zbudowany zosta\u0142 w\u00a0latach 1985-1990 na\u00a0podstawie projektu architekt\u00f3w in\u017c.\u00a0Adama Abrama i\u00a0in\u017c.\u00a0Zbigniewa \u017buchowicza. Prace organizowa\u0142 ks.\u00a0Antoni Sanecki. Uroczystego po\u015bwi\u0119cenia \u015bwi\u0105tyni dokona\u0142 bp\u00a0I. Tokarczuk 26 pa\u017adziernika 1991 r. \u015awi\u0105tynia jest wsp\u00f3\u0142czesn\u0105 budowl\u0105 w\u00a0stylu modernistycznym. Charakterystycznymi dla stylu elementami architektury s\u0105 kurtynowe, sko\u015bne \u015bciany, stwarzaj\u0105ce przestrzenie dla prostok\u0105tnych okien, niesymetryczny fronton z\u00a0oknem przedzielonym betonowym krzy\u017cem, rozetk\u0105 po\u00a0lewej i\u00a0masywn\u0105, wysok\u0105 wie\u017c\u0105-dzwonnic\u0105 po\u00a0prawej. Wie\u017ca zdobna jest w\u00a0kolumny powtarzaj\u0105cych si\u0119 okienek, a\u00a0zwie\u0144czona zosta\u0142a betonow\u0105, jednospadow\u0105, trapezow\u0105 arkad\u0105 z\u00a0krzy\u017cem na\u00a0rogu. Na\u00a0uwag\u0119 zas\u0142uguje wzniesione ponad namiot dachu prezbiterium w\u00a0formie monogramu Maryi, tworz\u0105ce niegdy\u015b w\u00a0ten spos\u00f3b dwa tr\u00f3jk\u0105tne \u015bwietliki. Dekoracja wn\u0119trza jest tradycyjna. Prezbiterium zawiera figuralne wyobra\u017cenia Chrystusa Dobrego Pasterza, zst\u0119puj\u0105cego z\u00a0g\u00f3ry, oraz\u00a0podobne sceny ewangeliczne.<\/p>\n<div class=\"wp-block-group\" style=\"text-align: justify;\">\n<div class=\"wp-block-group__inner-container\"><\/div>\n<\/div>\n<div class=\"wp-block-group\" style=\"text-align: justify;\">\n<div class=\"wp-block-group__inner-container\"><\/div>\n<\/div>\n<p style=\"text-align: justify;\"><strong>Msze \u015bwi\u0119te:<\/strong><br \/>\n\u2013 w\u00a0niedziele i\u00a0\u015bwi\u0119ta: 7.00 (kaplica) 8.00, 10.00, 17.00<br \/>\n\u2013 w\u00a0dni powszednie: 18.00, zim\u0105 17.00<br \/>\n\u2013 w\u00a0\u015bwi\u0119ta pa\u0144stwowo zniesione: 7.00 (kaplica) 9.00, 18.00, zim\u0105 17.00.<\/p>\n<p style=\"text-align: justify;\"><strong>Odpusty:<\/strong>\u00a0Chrystusa Dobrego Pasterza (IV niedziela wielkanocna).<\/p>\n<p style=\"text-align: justify;\"><strong>Domy zakonne:<\/strong>\u00a0Zgromadzenie Si\u00f3str S\u0142u\u017cebniczek Naj\u015bwi\u0119tszej Maryi Niepokalanie Pocz\u0119tej (Siostry S\u0142u\u017cebniczki Starowiejskie), 39-400 Tarnobrzeg, Mokrzysz\u00f3w, ul.\u00a0Sienkiewicza 211, tel.\u00a015 822 29 43<br \/>\nDom Opieki Spo\u0142ecznej dla Dzieci i\u00a0M\u0142odzie\u017cy w\u00a0Tarnobrzegu, Kaplica pw.\u00a0Niepokalanego Pocz\u0119cia NMP \u2013 Msze \u015bw.\u00a0codziennie o\u00a0godz.\u00a07.00.<\/p>\n<p style=\"text-align: justify;\"><strong>Do\u00a0parafii nale\u017c\u0105:<\/strong>\u00a0ulice Tarnobrzega \u2013 Sienkiewicza (cz\u0119\u015b\u0107), Zamkowa, Piekarska, Ludowa, Wrzosowa, Zakrzowska, Ks.\u00a0Chrobaka, Sportowa, Grzybowa, Le\u015bna, Ch\u0142opska, Stra\u017cacka, Wi\u015bniowa.<\/p>\n<p style=\"text-align: justify;\"><strong>Og\u00f3lna liczba mieszka\u0144c\u00f3w:<\/strong>\u00a02329.<\/p>\n<p style=\"text-align: justify;\"><strong>Kap\u0142ani pochodz\u0105cy z\u00a0parafii:<\/strong>\u00a0S. Wypar\u0142o SVD, J. Korczak SVD, S. W\u00f3dz OMI, J. Kalinka M. Skowro\u0144ski OFM Cap.<\/p>\n<p style=\"text-align: justify;\"><strong>Siostry zakonne pochodz\u0105ce z\u00a0parafii:<\/strong>\u00a0J. Dzier\u017cak, A. W\u00f3jcik, W. Janowska, D. Ordon.<\/p>\n<p style=\"text-align: justify;\"><strong>Grupy parafialne:<\/strong>\u00a0ch\u00f3r, Dziewcz\u0119ca S\u0142u\u017cba Maryjna, ko\u0142a \u017bywego R\u00f3\u017ca\u0144ca, Liturgiczna S\u0142u\u017cba O\u0142tarza, Schola oraz Adoratorki Krwi Chrystusa.<\/p>\n","protected":false},"excerpt":{"rendered":"<p>Parafia Chrystusa Dobrego Pasterza w Tarnobrzegu Parafia pw.\u00a0Chrystusa Dobrego Pasterza zlokalizowana jest na\u00a0os.\u00a0Mokrzysz\u00f3w. Do\u00a01976 r. dzielnica ta by\u0142a osobn\u0105 wsi\u0105, si\u0119gaj\u0105c\u0105 swymi pocz\u0105tkami co najmniej XV w. Przynale\u017ca\u0142a ona w\u00f3wczas do\u00a0parafii Miechocin, a\u00a0od\u00a01922 r. do\u00a0parafii Tarnobrzeg, prowadzonej przez\u00a0dominikan\u00f3w. Samodzielna parafia Tarnobrzeg \u2013 Mokrzysz\u00f3w erygowana zosta\u0142a 1 pa\u017adziernika 1972 r. Po\u00a0utworzeniu [&hellip;]<\/p>\n","protected":false},"author":2,"featured_media":1113,"parent":0,"menu_order":0,"comment_status":"closed","ping_status":"closed","template":"","meta":{"footnotes":""},"class_list":["post-1212","page","type-page","status-publish","has-post-thumbnail","hentry"],"yoast_head":"<!-- This site is optimized with the Yoast SEO plugin v25.8 - https:\/\/yoast.com\/wordpress\/plugins\/seo\/ -->\n<title>Home - Ja jestem dobrym pasterzem i znam owce moje, a moje Mnie znaj\u0105.<\/title>\n<meta name=\"robots\" content=\"index, follow, max-snippet:-1, max-image-preview:large, max-video-preview:-1\" \/>\n<link rel=\"canonical\" href=\"https:\/\/mokrzyszow.pl\/\" \/>\n<meta property=\"og:locale\" content=\"pl_PL\" \/>\n<meta property=\"og:type\" content=\"article\" \/>\n<meta property=\"og:title\" content=\"Home - Ja jestem dobrym pasterzem i znam owce moje, a moje Mnie znaj\u0105.\" \/>\n<meta property=\"og:description\" content=\"Parafia Chrystusa Dobrego Pasterza w Tarnobrzegu Parafia pw.\u00a0Chrystusa Dobrego Pasterza zlokalizowana jest na\u00a0os.\u00a0Mokrzysz\u00f3w. Do\u00a01976 r. dzielnica ta by\u0142a osobn\u0105 wsi\u0105, si\u0119gaj\u0105c\u0105 swymi pocz\u0105tkami co najmniej XV w. Przynale\u017ca\u0142a ona w\u00f3wczas do\u00a0parafii Miechocin, a\u00a0od\u00a01922 r. do\u00a0parafii Tarnobrzeg, prowadzonej przez\u00a0dominikan\u00f3w. Samodzielna parafia Tarnobrzeg \u2013 Mokrzysz\u00f3w erygowana zosta\u0142a 1 pa\u017adziernika 1972 r. Po\u00a0utworzeniu [&hellip;]\" \/>\n<meta property=\"og:url\" content=\"https:\/\/mokrzyszow.pl\/\" \/>\n<meta property=\"og:site_name\" content=\"Ja jestem dobrym pasterzem i znam owce moje, a moje Mnie znaj\u0105.\" \/>\n<meta property=\"article:publisher\" content=\"https:\/\/www.facebook.com\/Parafia-Chrystusa-Dobrego-Pasterza-Tarnobrzegu-Mokrzyszowie-1861837690609136\/\" \/>\n<meta property=\"article:modified_time\" content=\"2020-08-27T08:48:35+00:00\" \/>\n<meta property=\"og:image\" content=\"https:\/\/mokrzyszow.pl\/wp-content\/uploads\/2020\/08\/DJI_0244-scaled.jpg\" \/>\n\t<meta property=\"og:image:width\" content=\"2560\" \/>\n\t<meta property=\"og:image:height\" content=\"1440\" \/>\n\t<meta property=\"og:image:type\" content=\"image\/jpeg\" \/>\n<meta name=\"twitter:card\" content=\"summary_large_image\" \/>\n<meta name=\"twitter:label1\" content=\"Szacowany czas czytania\" \/>\n\t<meta name=\"twitter:data1\" content=\"2 minuty\" \/>\n<script type=\"application\/ld+json\" class=\"yoast-schema-graph\">{\"@context\":\"https:\/\/schema.org\",\"@graph\":[{\"@type\":\"WebPage\",\"@id\":\"https:\/\/mokrzyszow.pl\/\",\"url\":\"https:\/\/mokrzyszow.pl\/\",\"name\":\"Home - Ja jestem dobrym pasterzem i znam owce moje, a moje Mnie znaj\u0105.\",\"isPartOf\":{\"@id\":\"https:\/\/mokrzyszow.pl\/#website\"},\"primaryImageOfPage\":{\"@id\":\"https:\/\/mokrzyszow.pl\/#primaryimage\"},\"image\":{\"@id\":\"https:\/\/mokrzyszow.pl\/#primaryimage\"},\"thumbnailUrl\":\"https:\/\/mokrzyszow.pl\/wp-content\/uploads\/2020\/08\/DJI_0244-scaled.jpg\",\"datePublished\":\"2020-08-26T08:28:03+00:00\",\"dateModified\":\"2020-08-27T08:48:35+00:00\",\"breadcrumb\":{\"@id\":\"https:\/\/mokrzyszow.pl\/#breadcrumb\"},\"inLanguage\":\"pl-PL\",\"potentialAction\":[{\"@type\":\"ReadAction\",\"target\":[\"https:\/\/mokrzyszow.pl\/\"]}]},{\"@type\":\"ImageObject\",\"inLanguage\":\"pl-PL\",\"@id\":\"https:\/\/mokrzyszow.pl\/#primaryimage\",\"url\":\"https:\/\/mokrzyszow.pl\/wp-content\/uploads\/2020\/08\/DJI_0244-scaled.jpg\",\"contentUrl\":\"https:\/\/mokrzyszow.pl\/wp-content\/uploads\/2020\/08\/DJI_0244-scaled.jpg\",\"width\":2560,\"height\":1440,\"caption\":\"DCIM100MEDIADJI_0244.JPG\"},{\"@type\":\"BreadcrumbList\",\"@id\":\"https:\/\/mokrzyszow.pl\/#breadcrumb\",\"itemListElement\":[{\"@type\":\"ListItem\",\"position\":1,\"name\":\"Home\",\"item\":\"https:\/\/mokrzyszow.pl\/\"},{\"@type\":\"ListItem\",\"position\":2,\"name\":\"Home\"}]},{\"@type\":\"WebSite\",\"@id\":\"https:\/\/mokrzyszow.pl\/#website\",\"url\":\"https:\/\/mokrzyszow.pl\/\",\"name\":\"Parafia Chrystusa Dobrego Pasterza\",\"description\":\"Parafia Chrystusa Dobrego Pasterza w Mokrzyszowie\",\"potentialAction\":[{\"@type\":\"SearchAction\",\"target\":{\"@type\":\"EntryPoint\",\"urlTemplate\":\"https:\/\/mokrzyszow.pl\/?s={search_term_string}\"},\"query-input\":{\"@type\":\"PropertyValueSpecification\",\"valueRequired\":true,\"valueName\":\"search_term_string\"}}],\"inLanguage\":\"pl-PL\"}]}<\/script>\n<!-- \/ Yoast SEO plugin. -->","yoast_head_json":{"title":"Home - Ja jestem dobrym pasterzem i znam owce moje, a moje Mnie znaj\u0105.","robots":{"index":"index","follow":"follow","max-snippet":"max-snippet:-1","max-image-preview":"max-image-preview:large","max-video-preview":"max-video-preview:-1"},"canonical":"https:\/\/mokrzyszow.pl\/","og_locale":"pl_PL","og_type":"article","og_title":"Home - Ja jestem dobrym pasterzem i znam owce moje, a moje Mnie znaj\u0105.","og_description":"Parafia Chrystusa Dobrego Pasterza w Tarnobrzegu Parafia pw.\u00a0Chrystusa Dobrego Pasterza zlokalizowana jest na\u00a0os.\u00a0Mokrzysz\u00f3w. Do\u00a01976 r. dzielnica ta by\u0142a osobn\u0105 wsi\u0105, si\u0119gaj\u0105c\u0105 swymi pocz\u0105tkami co najmniej XV w. Przynale\u017ca\u0142a ona w\u00f3wczas do\u00a0parafii Miechocin, a\u00a0od\u00a01922 r. do\u00a0parafii Tarnobrzeg, prowadzonej przez\u00a0dominikan\u00f3w. Samodzielna parafia Tarnobrzeg \u2013 Mokrzysz\u00f3w erygowana zosta\u0142a 1 pa\u017adziernika 1972 r. Po\u00a0utworzeniu [&hellip;]","og_url":"https:\/\/mokrzyszow.pl\/","og_site_name":"Ja jestem dobrym pasterzem i znam owce moje, a moje Mnie znaj\u0105.","article_publisher":"https:\/\/www.facebook.com\/Parafia-Chrystusa-Dobrego-Pasterza-Tarnobrzegu-Mokrzyszowie-1861837690609136\/","article_modified_time":"2020-08-27T08:48:35+00:00","og_image":[{"width":2560,"height":1440,"url":"https:\/\/mokrzyszow.pl\/wp-content\/uploads\/2020\/08\/DJI_0244-scaled.jpg","type":"image\/jpeg"}],"twitter_card":"summary_large_image","twitter_misc":{"Szacowany czas czytania":"2 minuty"},"schema":{"@context":"https:\/\/schema.org","@graph":[{"@type":"WebPage","@id":"https:\/\/mokrzyszow.pl\/","url":"https:\/\/mokrzyszow.pl\/","name":"Home - Ja jestem dobrym pasterzem i znam owce moje, a moje Mnie znaj\u0105.","isPartOf":{"@id":"https:\/\/mokrzyszow.pl\/#website"},"primaryImageOfPage":{"@id":"https:\/\/mokrzyszow.pl\/#primaryimage"},"image":{"@id":"https:\/\/mokrzyszow.pl\/#primaryimage"},"thumbnailUrl":"https:\/\/mokrzyszow.pl\/wp-content\/uploads\/2020\/08\/DJI_0244-scaled.jpg","datePublished":"2020-08-26T08:28:03+00:00","dateModified":"2020-08-27T08:48:35+00:00","breadcrumb":{"@id":"https:\/\/mokrzyszow.pl\/#breadcrumb"},"inLanguage":"pl-PL","potentialAction":[{"@type":"ReadAction","target":["https:\/\/mokrzyszow.pl\/"]}]},{"@type":"ImageObject","inLanguage":"pl-PL","@id":"https:\/\/mokrzyszow.pl\/#primaryimage","url":"https:\/\/mokrzyszow.pl\/wp-content\/uploads\/2020\/08\/DJI_0244-scaled.jpg","contentUrl":"https:\/\/mokrzyszow.pl\/wp-content\/uploads\/2020\/08\/DJI_0244-scaled.jpg","width":2560,"height":1440,"caption":"DCIM100MEDIADJI_0244.JPG"},{"@type":"BreadcrumbList","@id":"https:\/\/mokrzyszow.pl\/#breadcrumb","itemListElement":[{"@type":"ListItem","position":1,"name":"Home","item":"https:\/\/mokrzyszow.pl\/"},{"@type":"ListItem","position":2,"name":"Home"}]},{"@type":"WebSite","@id":"https:\/\/mokrzyszow.pl\/#website","url":"https:\/\/mokrzyszow.pl\/","name":"Parafia Chrystusa Dobrego Pasterza","description":"Parafia Chrystusa Dobrego Pasterza w Mokrzyszowie","potentialAction":[{"@type":"SearchAction","target":{"@type":"EntryPoint","urlTemplate":"https:\/\/mokrzyszow.pl\/?s={search_term_string}"},"query-input":{"@type":"PropertyValueSpecification","valueRequired":true,"valueName":"search_term_string"}}],"inLanguage":"pl-PL"}]}},"_links":{"self":[{"href":"https:\/\/mokrzyszow.pl\/index.php?rest_route=\/wp\/v2\/pages\/1212","targetHints":{"allow":["GET"]}}],"collection":[{"href":"https:\/\/mokrzyszow.pl\/index.php?rest_route=\/wp\/v2\/pages"}],"about":[{"href":"https:\/\/mokrzyszow.pl\/index.php?rest_route=\/wp\/v2\/types\/page"}],"author":[{"embeddable":true,"href":"https:\/\/mokrzyszow.pl\/index.php?rest_route=\/wp\/v2\/users\/2"}],"replies":[{"embeddable":true,"href":"https:\/\/mokrzyszow.pl\/index.php?rest_route=%2Fwp%2Fv2%2Fcomments&post=1212"}],"version-history":[{"count":4,"href":"https:\/\/mokrzyszow.pl\/index.php?rest_route=\/wp\/v2\/pages\/1212\/revisions"}],"predecessor-version":[{"id":1258,"href":"https:\/\/mokrzyszow.pl\/index.php?rest_route=\/wp\/v2\/pages\/1212\/revisions\/1258"}],"wp:featuredmedia":[{"embeddable":true,"href":"https:\/\/mokrzyszow.pl\/index.php?rest_route=\/wp\/v2\/media\/1113"}],"wp:attachment":[{"href":"https:\/\/mokrzyszow.pl\/index.php?rest_route=%2Fwp%2Fv2%2Fmedia&parent=1212"}],"curies":[{"name":"wp","href":"https:\/\/api.w.org\/{rel}","templated":true}]}}